{"id":10776,"date":"2021-05-11T21:09:57","date_gmt":"2021-05-12T02:09:57","guid":{"rendered":"https:\/\/brunetteboutique.co\/site\/?page_id=10776"},"modified":"2021-05-11T21:09:57","modified_gmt":"2021-05-12T02:09:57","slug":"calidad-y-garantia","status":"publish","type":"page","link":"https:\/\/brunetteboutique.co\/site\/calidad-y-garantia\/","title":{"rendered":"Calidad y Garantia"},"content":{"rendered":"\t\t<div data-elementor-type=\"wp-page\" data-elementor-id=\"10776\" class=\"elementor elementor-10776\">\n\t\t\t\t\t\t<section class=\"elementor-section elementor-top-section elementor-element elementor-element-325e0129 elementor-section-boxed elementor-section-height-default elementor-section-height-default\" data-id=\"325e0129\" data-element_type=\"section\" data-e-type=\"section\">\n\t\t\t\t\t\t<div class=\"elementor-container elementor-column-gap-default\">\n\t\t\t\t\t<div class=\"elementor-column elementor-col-100 elementor-top-column elementor-element elementor-element-48fd765d\" data-id=\"48fd765d\" data-element_type=\"column\" data-e-type=\"column\">\n\t\t\t<div class=\"elementor-widget-wrap elementor-element-populated\">\n\t\t\t\t\t\t<div class=\"elementor-element elementor-element-5e70490 elementor-widget elementor-widget-image\" data-id=\"5e70490\" data-element_type=\"widget\" data-e-type=\"widget\" data-widget_type=\"image.default\">\n\t\t\t\t<div class=\"elementor-widget-container\">\n\t\t\t\t\t\t\t\t\t\t\t\t\t\t\t<img decoding=\"async\" src=\"https:\/\/brunetteboutique.co\/site\/wp-content\/uploads\/elementor\/thumbs\/brulogo-qs1htpk903n7ae2cc9xswuv9mh8qnbp0sm2x62d43k.png\" title=\"brulogo\" alt=\"brulogo\" loading=\"lazy\" \/>\t\t\t\t\t\t\t\t\t\t\t\t\t\t\t<\/div>\n\t\t\t\t<\/div>\n\t\t\t\t<div class=\"elementor-element elementor-element-4a133e59 elementor-widget elementor-widget-text-editor\" data-id=\"4a133e59\" data-element_type=\"widget\" data-e-type=\"widget\" data-widget_type=\"text-editor.default\">\n\t\t\t\t<div class=\"elementor-widget-container\">\n\t\t\t\t\t\t\t\t\t<h2><span style=\"color: #cea379;\">DEVOLUCIONES Y CAMBIOS<\/span><\/h2><p>\u2022 Recuerda verificar las condiciones del producto entregado (Sellado y sin alteraciones). Si existen novedades o deseas hacer un reclamo acerca de la entrega podr\u00e1s reportarlo por medio de nuestro correo contacto@brunetteboutique.co o a nuestra l\u00ednea de atenci\u00f3n por medio de WhatsApp +57 300 628 3294, en el transcurso de 5 d\u00edas h\u00e1biles.<\/p><p>\u2022 Para realizar cambios por gusto, talla u otros ; debes comunicarte por medio de nuestro correo electr\u00f3nico contacto@brunetteboutique.co nuestra linea de WhatsApp +57 300 628 3294 para coordinar la devoluci\u00f3n y cambio del producto.<\/p><p>\u2022 Posterior a la notificaci\u00f3n del cambio, el cliente tendr\u00e1 un plazo m\u00e1ximo de 30 d\u00edas desde la fecha de recibido para realizar cualquier proceso de devoluci\u00f3n.<\/p><p>\u2022 Las pol\u00edticas de cambio solo permiten realizar el cambio de la compra UNA SOLA VEZ.<\/p><p>\u2022 Los gastos de env\u00edo para el retorno del producto deben ser asumidos por el cliente.<\/p><h2><span style=\"color: #cea379;\">DEFECTOS DE FABRICA<\/span><\/h2><p>Para realizar cambios por mercanc\u00eda defectuosa, da\u00f1os de costura o cierres; debes comunicarte por medio de nuestro correo electr\u00f3nico contacto@brunetteboutique.co o a nuestra l\u00ednea de WhatsApp +57 300 628 3294 para coordinar la devoluci\u00f3n y cambio del producto .<\/p><p>\u2022 Las prendas deben ser enviadas sin alteraciones, sin uso y con sus respectivas etiquetas; de esta manera no se ver\u00e1 afectado el proceso de cambio.<\/p><p>\u2022 Tener en cuenta que si usted decide devolvernos los art\u00edculos a trav\u00e9s de otros medios no autorizados, estaremos autorizados a cargarle los gastos en que podamos incurrir.<\/p><p>\u2022 El cambio se efectuar\u00e1 lo antes posible y en cualquier caso en el plazo m\u00e1ximo de 15 d\u00edas h\u00e1biles calendario desde la fecha que usted nos comunic\u00f3 su intenci\u00f3n. No obstante, este cambio no se realizar\u00e1 hasta haber recibido las prendas.<\/p><p>\u2022 BRUNETTE no se responsabiliza por da\u00f1os, p\u00e9rdidas o robos en el retorno de dichos productos.<\/p><h2><strong><span style=\"color: #cea379;\">SOLICITUDES DE GARANTIA<\/span><\/strong><\/h2><p>Todos nuestros productos cuentan con garant\u00eda de 30 d\u00edas calendario desde la fecha de compra. La garant\u00eda consta de arreglos en costuras, defectos de f\u00e1brica u otros.<\/p><p>\u2022 Para el proceso de garant\u00eda el cliente debe comunicarse por medio de nuestro correo electr\u00f3nico contacto@brunetteboutique.co o nuestra l\u00ednea de WhatsApp +57 300 628 3294 para que el \u00e1rea encargada pueda proceder a analizar la garant\u00eda de la prenda.<\/p><p>\u2022 El proceso de garant\u00eda se realiza en un tiempo m\u00ednimo de 10 d\u00edas h\u00e1biles despu\u00e9s de recibido el producto.<\/p><p>\u2022 En caso de no soluci\u00f3n, la prenda se cambiar\u00e1 por una nueva o un bono por el valor del adquirido que podr\u00e1 ser redimido durante un per\u00edodo de 3 meses.<\/p><h2><strong><span style=\"color: #cea379;\">DISPONIBILIDAD DE LOS PRODUCTOS<\/span><\/strong><\/h2><p>Todos los pedidos est\u00e1n sujetos a la disponibilidad de nuestro inventario. Si existen dificultades en cuanto al suministro de productos o se agotan los art\u00edculos en stock, le reembolsaremos cualquier cantidad de dinero que haya sido abonada a nuestras cuentas.<\/p><h2><strong><span style=\"color: #cea379;\">\u00bfPROBLEMAS CON TU ENVIO?<\/span><\/strong><\/h2><p>Si detecta un error en su pedido con posterioridad a la finalizaci\u00f3n del proceso de pago, deber\u00e1 ponerse en contacto de manera inmediata con nuestro servicio de atenci\u00f3n al cliente mediante nuestra l\u00ednea de WhatsApp +57 300 628 3294 para subsanar el error.<\/p><h2><strong><span style=\"color: #cea379;\">CUIDADOS PARA TUS PRENDAS<\/span><\/strong><\/h2><p>Recuerda que en nuestra Tienda Virtual puedes realizar compras de forma ilimitada en un d\u00eda.<br \/>\u2022 Utiliza agua tibia, jab\u00f3n de barra o l\u00edquido especial para ropa delicada.<br \/>\u2022 Lavar a mano o en el ciclo delicado de tu lavadora.<br \/>\u2022 Seca tus prendas a la sombra de manera natural.<br \/>\u2022 No usar cloro ni cualquier otro detergente del mercado.<br \/>\u2022 No retorcer tus prendas para buscar un secado m\u00e1s r\u00e1pido.<br \/>\u2022 No dejar en remojo.<br \/>\u2022 No exponer al sol.<\/p>\t\t\t\t\t\t\t\t<\/div>\n\t\t\t\t<\/div>\n\t\t\t\t\t<\/div>\n\t\t<\/div>\n\t\t\t\t\t<\/div>\n\t\t<\/section>\n\t\t\t\t<\/div>\n\t\t","protected":false},"excerpt":{"rendered":"<p>DEVOLUCIONES Y CAMBIOS \u2022 Recuerda verificar las condiciones del producto entregado (Sellado y sin alteraciones). Si existen novedades o deseas hacer un reclamo acerca de la entrega podr\u00e1s reportarlo por medio de nuestro correo contacto@brunetteboutique.co o a nuestra l\u00ednea de atenci\u00f3n por medio de WhatsApp +57 300 628 3294, en el transcurso de 5 d\u00edas [&hellip;]<\/p>\n","protected":false},"author":1,"featured_media":0,"parent":0,"menu_order":0,"comment_status":"closed","ping_status":"closed","template":"","meta":{"footnotes":""},"class_list":["post-10776","page","type-page","status-publish","hentry"],"_links":{"self":[{"href":"https:\/\/brunetteboutique.co\/site\/wp-json\/wp\/v2\/pages\/10776","targetHints":{"allow":["GET"]}}],"collection":[{"href":"https:\/\/brunetteboutique.co\/site\/wp-json\/wp\/v2\/pages"}],"about":[{"href":"https:\/\/brunetteboutique.co\/site\/wp-json\/wp\/v2\/types\/page"}],"author":[{"embeddable":true,"href":"https:\/\/brunetteboutique.co\/site\/wp-json\/wp\/v2\/users\/1"}],"replies":[{"embeddable":true,"href":"https:\/\/brunetteboutique.co\/site\/wp-json\/wp\/v2\/comments?post=10776"}],"version-history":[{"count":0,"href":"https:\/\/brunetteboutique.co\/site\/wp-json\/wp\/v2\/pages\/10776\/revisions"}],"wp:attachment":[{"href":"https:\/\/brunetteboutique.co\/site\/wp-json\/wp\/v2\/media?parent=10776"}],"curies":[{"name":"wp","href":"https:\/\/api.w.org\/{rel}","templated":true}]}}