{"id":9931,"date":"2021-04-05T23:02:23","date_gmt":"2021-04-06T04:02:23","guid":{"rendered":"https:\/\/brunetteboutique.co\/site\/?page_id=9931"},"modified":"2021-04-05T23:02:23","modified_gmt":"2021-04-06T04:02:23","slug":"envios","status":"publish","type":"page","link":"https:\/\/brunetteboutique.co\/site\/envios\/","title":{"rendered":"Env\u00edos"},"content":{"rendered":"\t\t<div data-elementor-type=\"wp-page\" data-elementor-id=\"9931\" class=\"elementor elementor-9931\">\n\t\t\t\t\t\t<section class=\"elementor-section elementor-top-section elementor-element elementor-element-19c7d68e elementor-section-boxed elementor-section-height-default elementor-section-height-default\" data-id=\"19c7d68e\" data-element_type=\"section\" data-e-type=\"section\">\n\t\t\t\t\t\t<div class=\"elementor-container elementor-column-gap-default\">\n\t\t\t\t\t<div class=\"elementor-column elementor-col-100 elementor-top-column elementor-element elementor-element-5072ab79\" data-id=\"5072ab79\" data-element_type=\"column\" data-e-type=\"column\">\n\t\t\t<div class=\"elementor-widget-wrap elementor-element-populated\">\n\t\t\t\t\t\t<div class=\"elementor-element elementor-element-3fb43ed animated-fast elementor-invisible elementor-widget elementor-widget-image\" data-id=\"3fb43ed\" data-element_type=\"widget\" data-e-type=\"widget\" data-settings=\"{&quot;_animation&quot;:&quot;bounceInLeft&quot;,&quot;_animation_delay&quot;:20}\" data-widget_type=\"image.default\">\n\t\t\t\t<div class=\"elementor-widget-container\">\n\t\t\t\t\t\t\t\t\t\t\t\t\t\t\t<img decoding=\"async\" src=\"https:\/\/brunetteboutique.co\/site\/wp-content\/uploads\/elementor\/thumbs\/med-2-qs1hvif43o49rs49zlbaggf2szl61du3c9ucamyfb4.png\" title=\"med\" alt=\"med\" loading=\"lazy\" \/>\t\t\t\t\t\t\t\t\t\t\t\t\t\t\t<\/div>\n\t\t\t\t<\/div>\n\t\t\t\t<div class=\"elementor-element elementor-element-70588850 elementor-widget elementor-widget-text-editor\" data-id=\"70588850\" data-element_type=\"widget\" data-e-type=\"widget\" data-widget_type=\"text-editor.default\">\n\t\t\t\t<div class=\"elementor-widget-container\">\n\t\t\t\t\t\t\t\t\t<h2 style=\"letter-spacing: -1.4px;\"><span style=\"color: #cea379;\">ENV\u00cdOS NACIONALES<\/span><\/h2><p style=\"text-align: justify;\">Nuestros env\u00edos y domicilios tienen cobertura a nivel Nacional. El valor del Env\u00edo generalmente es cancelado CONTRA ENTREGA; solo en casos excepcionales por la ubicaci\u00f3n del comprador (trayectos especiales), se tiene que cancelar el valor del env\u00edo previamente, por lo cual un asesor contactar\u00e1 el cliente por medio del n\u00famero y\/O correo que se adjunte en la informaci\u00f3n de compra.<\/p><h2 style=\"letter-spacing: -1.4px;\"><span style=\"color: #cea379;\">TIEMPOS DE ENTREGA<\/span><\/h2><p style=\"text-align: justify;\">\u2022 El alistamiento, empaque y despacho de las compras tarda entre 3 y 4 d\u00edas h\u00e1biles (no incluye domingos, no incluye festivos) despu\u00e9s de realizada la compra.<\/p><p style=\"text-align: justify;\">\u2022 Los tiempos de entrega se manejan de acuerdo a las pol\u00edticas de las empresas de transporte las cueles son independientes de nosotros; regularmente los pedidos tardan entre 2 y 3 d\u00edas h\u00e1biles para llegar a su destino en ciudades principales, en algunas fechas especiales del a\u00f1o de presentar alguna novedad ocasionada Por orden p\u00fablico o condiciones clim\u00e1ticas el env\u00edo puede tardar un poco m\u00e1s.<\/p><p style=\"text-align: justify;\">\u2022 BRUNETTE como empresa es ajeno a las demoras presentadas por las transportadoras.<\/p><p style=\"text-align: justify;\">\u2022 Si te encuentras en la ciudad de Valledupar o municipios del departamento del Cesar o la guajira tu pedido lo recibir\u00e1s a los 3 d\u00edas.<\/p><p style=\"text-align: justify;\">\u2022 Para poblaciones o ciudades intermedias (trayectos de dif\u00edcil acceso) este tiempo puede variar de acuerdo a las condiciones clim\u00e1ticas y administrativas que afecten la operaci\u00f3n normal de las empresas de mensajer\u00eda. Podr\u00e1s recibirlo en el transcurso de 4 o 5 d\u00edas h\u00e1biles.<\/p><p style=\"text-align: justify;\">\u2022 Recuerda que las entregas se realizan \u00fanicamente en la direcci\u00f3n registrada por el cliente como direcci\u00f3n de env\u00edo.<br \/>\u2022 El cliente recibir\u00e1 por correo electr\u00f3nico su n\u00famero confirmaci\u00f3n de compra y posteriormente un n\u00famero de gu\u00eda para el rastreo de su env\u00edo. El cual puede hacerle seguimiento directamente a trav\u00e9s de la empresa transportadora.<\/p><h2 style=\"letter-spacing: -1.4px;\"><span style=\"color: #cea379;\">PRECIOS DEL ENV\u00cdO<\/span><\/h2><p style=\"text-align: justify;\">\u2022 Todos los env\u00edos a nivel nacional (Colombia) tienen un costo de $12.000.<\/p><p style=\"text-align: justify;\">\u2022 Si est\u00e1s ubicado en Valledupar, podr\u00e1s recibir tus pedidos a domicilio por valor de 3.000 o 4.000 dependiendo tu ubicaci\u00f3n.<\/p><p style=\"text-align: justify;\">\u00a0<\/p>\t\t\t\t\t\t\t\t<\/div>\n\t\t\t\t<\/div>\n\t\t\t\t\t<\/div>\n\t\t<\/div>\n\t\t\t\t\t<\/div>\n\t\t<\/section>\n\t\t\t\t<\/div>\n\t\t","protected":false},"excerpt":{"rendered":"<p>ENV\u00cdOS NACIONALES Nuestros env\u00edos y domicilios tienen cobertura a nivel Nacional. El valor del Env\u00edo generalmente es cancelado CONTRA ENTREGA; solo en casos excepcionales por la ubicaci\u00f3n del comprador (trayectos especiales), se tiene que cancelar el valor del env\u00edo previamente, por lo cual un asesor contactar\u00e1 el cliente por medio del n\u00famero y\/O correo que [&hellip;]<\/p>\n","protected":false},"author":1,"featured_media":0,"parent":0,"menu_order":0,"comment_status":"closed","ping_status":"closed","template":"","meta":{"footnotes":""},"class_list":["post-9931","page","type-page","status-publish","hentry"],"_links":{"self":[{"href":"https:\/\/brunetteboutique.co\/site\/wp-json\/wp\/v2\/pages\/9931","targetHints":{"allow":["GET"]}}],"collection":[{"href":"https:\/\/brunetteboutique.co\/site\/wp-json\/wp\/v2\/pages"}],"about":[{"href":"https:\/\/brunetteboutique.co\/site\/wp-json\/wp\/v2\/types\/page"}],"author":[{"embeddable":true,"href":"https:\/\/brunetteboutique.co\/site\/wp-json\/wp\/v2\/users\/1"}],"replies":[{"embeddable":true,"href":"https:\/\/brunetteboutique.co\/site\/wp-json\/wp\/v2\/comments?post=9931"}],"version-history":[{"count":0,"href":"https:\/\/brunetteboutique.co\/site\/wp-json\/wp\/v2\/pages\/9931\/revisions"}],"wp:attachment":[{"href":"https:\/\/brunetteboutique.co\/site\/wp-json\/wp\/v2\/media?parent=9931"}],"curies":[{"name":"wp","href":"https:\/\/api.w.org\/{rel}","templated":true}]}}