{"id":19781,"date":"2025-08-04T18:48:32","date_gmt":"2025-08-04T23:48:32","guid":{"rendered":"https:\/\/brunetteboutique.co\/site\/?post_type=product&#038;p=19781"},"modified":"2026-02-24T11:48:46","modified_gmt":"2026-02-24T16:48:46","slug":"pantalon-elisa","status":"publish","type":"product","link":"https:\/\/brunetteboutique.co\/site\/tienda\/pantalon-elisa\/","title":{"rendered":"PANTALON ELISA"},"content":{"rendered":"<p>Pantal\u00f3n elaborado en 97% poli\u00e9ster y 3% spandex, bolsillo en la parte de adelante, con cierre y bot\u00f3n delantero.<\/p>\n<p>La modelo utiliza talla S.<\/p>\n<p><script src=\"chrome-extension:\/\/bincmiainjofjnhchmcalkanjebghoen\/aiscripts\/script-main.js\"><\/script><\/p>\n<div id=\"ag-1754351011319\"><\/div>\n","protected":false},"excerpt":{"rendered":"<p>&nbsp;<\/p>\n<p><script src=\"chrome-extension:\/\/bincmiainjofjnhchmcalkanjebghoen\/aiscripts\/script-main.js\"><\/script><\/p>\n","protected":false},"featured_media":19686,"template":"","meta":[],"product_brand":[],"product_cat":[506,141],"product_tag":[390,393],"class_list":{"0":"post-19781","1":"product","2":"type-product","3":"status-publish","4":"has-post-thumbnail","6":"product_cat-essence","7":"product_cat-pantalones","8":"product_tag-blanco","9":"product_tag-pantalon","11":"first","12":"instock","13":"shipping-taxable","14":"purchasable","15":"product-type-variable"},"_links":{"self":[{"href":"https:\/\/brunetteboutique.co\/site\/wp-json\/wp\/v2\/product\/19781","targetHints":{"allow":["GET"]}}],"collection":[{"href":"https:\/\/brunetteboutique.co\/site\/wp-json\/wp\/v2\/product"}],"about":[{"href":"https:\/\/brunetteboutique.co\/site\/wp-json\/wp\/v2\/types\/product"}],"version-history":[{"count":2,"href":"https:\/\/brunetteboutique.co\/site\/wp-json\/wp\/v2\/product\/19781\/revisions"}],"predecessor-version":[{"id":19788,"href":"https:\/\/brunetteboutique.co\/site\/wp-json\/wp\/v2\/product\/19781\/revisions\/19788"}],"wp:featuredmedia":[{"embeddable":true,"href":"https:\/\/brunetteboutique.co\/site\/wp-json\/wp\/v2\/media\/19686"}],"wp:attachment":[{"href":"https:\/\/brunetteboutique.co\/site\/wp-json\/wp\/v2\/media?parent=19781"}],"wp:term":[{"taxonomy":"product_brand","embeddable":true,"href":"https:\/\/brunetteboutique.co\/site\/wp-json\/wp\/v2\/product_brand?post=19781"},{"taxonomy":"product_cat","embeddable":true,"href":"https:\/\/brunetteboutique.co\/site\/wp-json\/wp\/v2\/product_cat?post=19781"},{"taxonomy":"product_tag","embeddable":true,"href":"https:\/\/brunetteboutique.co\/site\/wp-json\/wp\/v2\/product_tag?post=19781"}],"curies":[{"name":"wp","href":"https:\/\/api.w.org\/{rel}","templated":true}]}}