{"id":20078,"date":"2025-08-11T19:01:52","date_gmt":"2025-08-12T00:01:52","guid":{"rendered":"https:\/\/brunetteboutique.co\/site\/?post_type=product&#038;p=20078"},"modified":"2026-03-15T11:05:11","modified_gmt":"2026-03-15T16:05:11","slug":"pantalon-loanna-negro","status":"publish","type":"product","link":"https:\/\/brunetteboutique.co\/site\/tienda\/pantalon-loanna-negro\/","title":{"rendered":"PANTALON LOANNA NEGRO"},"content":{"rendered":"<p>Pantal\u00f3n elaborado en 97% poli\u00e9ster y 3% spandex, con cierre en la parte de atr\u00e1s<\/p>\n<p>La modelo utiliza talla S.<\/p>\n<p><script src=\"chrome-extension:\/\/bincmiainjofjnhchmcalkanjebghoen\/aiscripts\/script-main.js\"><\/script><\/p>\n","protected":false},"excerpt":{"rendered":"<p>&nbsp;<\/p>\n<p><script src=\"chrome-extension:\/\/bincmiainjofjnhchmcalkanjebghoen\/aiscripts\/script-main.js\"><\/script><\/p>\n","protected":false},"featured_media":19668,"template":"","meta":[],"product_brand":[],"product_cat":[506,141],"product_tag":[394,393],"class_list":{"0":"post-20078","1":"product","2":"type-product","3":"status-publish","4":"has-post-thumbnail","6":"product_cat-essence","7":"product_cat-pantalones","8":"product_tag-negro","9":"product_tag-pantalon","11":"first","12":"instock","13":"shipping-taxable","14":"purchasable","15":"product-type-variable"},"_links":{"self":[{"href":"https:\/\/brunetteboutique.co\/site\/wp-json\/wp\/v2\/product\/20078","targetHints":{"allow":["GET"]}}],"collection":[{"href":"https:\/\/brunetteboutique.co\/site\/wp-json\/wp\/v2\/product"}],"about":[{"href":"https:\/\/brunetteboutique.co\/site\/wp-json\/wp\/v2\/types\/product"}],"version-history":[{"count":2,"href":"https:\/\/brunetteboutique.co\/site\/wp-json\/wp\/v2\/product\/20078\/revisions"}],"predecessor-version":[{"id":20085,"href":"https:\/\/brunetteboutique.co\/site\/wp-json\/wp\/v2\/product\/20078\/revisions\/20085"}],"wp:featuredmedia":[{"embeddable":true,"href":"https:\/\/brunetteboutique.co\/site\/wp-json\/wp\/v2\/media\/19668"}],"wp:attachment":[{"href":"https:\/\/brunetteboutique.co\/site\/wp-json\/wp\/v2\/media?parent=20078"}],"wp:term":[{"taxonomy":"product_brand","embeddable":true,"href":"https:\/\/brunetteboutique.co\/site\/wp-json\/wp\/v2\/product_brand?post=20078"},{"taxonomy":"product_cat","embeddable":true,"href":"https:\/\/brunetteboutique.co\/site\/wp-json\/wp\/v2\/product_cat?post=20078"},{"taxonomy":"product_tag","embeddable":true,"href":"https:\/\/brunetteboutique.co\/site\/wp-json\/wp\/v2\/product_tag?post=20078"}],"curies":[{"name":"wp","href":"https:\/\/api.w.org\/{rel}","templated":true}]}}