{"id":21509,"date":"2026-04-20T17:10:44","date_gmt":"2026-04-20T22:10:44","guid":{"rendered":"https:\/\/brunetteboutique.co\/site\/?post_type=product&#038;p=21509"},"modified":"2026-04-20T17:10:45","modified_gmt":"2026-04-20T22:10:45","slug":"body-festival","status":"publish","type":"product","link":"https:\/\/brunetteboutique.co\/site\/tienda\/body-festival\/","title":{"rendered":"BODY FESTIVAL"},"content":{"rendered":"<p>Body manga larga con dise\u00f1o moderno y delicado, perfecta para destacar con estilo y elegancia. Su ajuste c\u00f3modo y estampado sutil la convierten en una opci\u00f3n vers\u00e1til para cualquier ocasi\u00f3n.<\/p>\n<p>El body esta talla unica.<\/p>\n","protected":false},"excerpt":{"rendered":"<p>Body manga larga con dise\u00f1o moderno y delicado, perfecta para destacar con estilo y elegancia. Su ajuste c\u00f3modo y estampado sutil la convierten en una opci\u00f3n vers\u00e1til para cualquier ocasi\u00f3n. El body esta talla unica.<\/p>\n","protected":false},"featured_media":21510,"template":"","meta":[],"product_brand":[],"product_cat":[144,517],"product_tag":[370,371],"class_list":{"0":"post-21509","1":"product","2":"type-product","3":"status-publish","4":"has-post-thumbnail","6":"product_cat-bodys","7":"product_cat-la-vida-en-rosas","8":"product_tag-body","9":"product_tag-estampado","11":"first","12":"instock","13":"shipping-taxable","14":"purchasable","15":"product-type-variable"},"_links":{"self":[{"href":"https:\/\/brunetteboutique.co\/site\/wp-json\/wp\/v2\/product\/21509","targetHints":{"allow":["GET"]}}],"collection":[{"href":"https:\/\/brunetteboutique.co\/site\/wp-json\/wp\/v2\/product"}],"about":[{"href":"https:\/\/brunetteboutique.co\/site\/wp-json\/wp\/v2\/types\/product"}],"version-history":[{"count":2,"href":"https:\/\/brunetteboutique.co\/site\/wp-json\/wp\/v2\/product\/21509\/revisions"}],"predecessor-version":[{"id":21517,"href":"https:\/\/brunetteboutique.co\/site\/wp-json\/wp\/v2\/product\/21509\/revisions\/21517"}],"wp:featuredmedia":[{"embeddable":true,"href":"https:\/\/brunetteboutique.co\/site\/wp-json\/wp\/v2\/media\/21510"}],"wp:attachment":[{"href":"https:\/\/brunetteboutique.co\/site\/wp-json\/wp\/v2\/media?parent=21509"}],"wp:term":[{"taxonomy":"product_brand","embeddable":true,"href":"https:\/\/brunetteboutique.co\/site\/wp-json\/wp\/v2\/product_brand?post=21509"},{"taxonomy":"product_cat","embeddable":true,"href":"https:\/\/brunetteboutique.co\/site\/wp-json\/wp\/v2\/product_cat?post=21509"},{"taxonomy":"product_tag","embeddable":true,"href":"https:\/\/brunetteboutique.co\/site\/wp-json\/wp\/v2\/product_tag?post=21509"}],"curies":[{"name":"wp","href":"https:\/\/api.w.org\/{rel}","templated":true}]}}